d 2020.
20
What is the greatest common factor of 51532442 and 394?
394
What is the highest common divisor of 2005619 and 29351?
49
Calculate the highest common factor of 8281 and 31605.
49
Calculate the highest common divisor of 401253 and 12576.
393
What is the highest common divisor of 18720 and 56157660?
2340
What is the greatest common divisor of 280521 and 10505709?
3951
Calculate the greatest common divisor of 10812 and 98474.
106
What is the greatest common divisor of 194 and 1417826?
2
What is the highest common divisor of 5553596 and 12?
4
Calculate the highest common factor of 284 and 12858810.
142
Calculate the greatest common factor of 173 and 2236953.
1
Calculate the highest common factor of 67185 and 11265.
15
Calculate the greatest common factor of 315 and 25421298.
21
Calculate the highest common divisor of 60 and 165700335.
15
Calculate the highest common factor of 2809 and 1895174.
53
What is the highest common divisor of 13938249 and 255?
51
What is the highest common factor of 12190840 and 800?
40
Calculate the greatest common factor of 195056 and 1168.
1168
Calculate the greatest common factor of 19712 and 3106642.
154
Calculate the highest common factor of 7767558 and 11556.
1926
What is the highest common divisor of 12086767 and 1463?
77
Calculate the greatest common factor of 12025 and 3028675.
325
Calculate the highest common factor of 56301 and 58065.
147
Calculate the highest common divisor of 14 and 6982794.
14
What is the highest common divisor of 306176 and 115552?
736
Calculate the greatest common divisor of 9 and 47809431.
9
What is the greatest common divisor of 540094 and 3078?
38
Calculate the highest common divisor of 87230786 and 38.
38
Calculate the highest common divisor of 2325989 and 447987.
2531
Calculate the greatest common factor of 21236876 and 1156.
1156
What is the greatest common factor of 128 and 143456192?
64
What is the highest common factor of 19736558 and 68?
34
What is the highest common factor of 36091656 and 122472?
648
Calculate the greatest common divisor of 2394 and 354060.
126
What is the highest common factor of 6129 and 15489?
9
What is the greatest common factor of 20027 and 45269?
7
What is the highest common divisor of 235701992 and 10716?
3572
Calculate the greatest common factor of 21336450 and 223722.
8286
Calculate the greatest common divisor of 1431 and 1515747.
159
Calculate the greatest common divisor of 336 and 14990192.
112
What is the greatest common factor of 250 and 10447375?
125
Calculate the highest common divisor of 333783 and 6093.
9
Calculate the greatest common factor of 26752356 and 8.
4
Calculate the greatest common divisor of 126 and 56780388.
126
Calculate the greatest common factor of 26559421 and 98.
49
What is the highest common divisor of 71 and 9497599?
71
What is the greatest common divisor of 6475610 and 206?
206
What is the highest common divisor of 7700 and 243852?
28
Calculate the highest common factor of 1808058462 and 42.
42
Calculate the greatest common divisor of 41042020 and 1220.
1220
Calculate the greatest common factor of 180283 and 3197.
139
What is the highest common factor of 109615 and 495?
55
Calculate the highest common factor of 5 and 7994560.
5
Calculate the greatest common factor of 36268104 and 229.
229
Calculate the highest common factor of 22701 and 2032233.
987
Calculate the greatest common divisor of 3905 and 2504755.
55
Calculate the highest common divisor of 32 and 6919996.
4
What is the greatest common divisor of 231 and 52392?
3
What is the highest common divisor of 5734 and 5673854?
122
What is the greatest common factor of 31889872 and 784?
112
What is the highest common factor of 59980 and 14540?
20
What is the highest common factor of 119489175 and 1305?
45
Calculate the highest common divisor of 44505488 and 16.
16
What is the greatest common factor of 51230 and 5734?
94
Calculate the greatest common divisor of 1389 and 782878829.
463
Calculate the highest common divisor of 434 and 391344.
62
What is the highest common divisor of 2688156 and 239766?
534
What is the highest common divisor of 42082 and 2303394?
794
Calculate the highest common factor of 85096590 and 1740.
30
What is the highest common divisor of 85840 and 38135?
145
What is the greatest common divisor of 1150 and 458610?
10
What is the highest common factor of 5434 and 77485914?
418
Calculate the highest common factor of 80154 and 13356.
18
What is the highest common factor of 470942 and 3154?
166
What is the highest common divisor of 500376343 and 1843?
1843
What is the greatest common factor of 578 and 445008269?
289
Calculate the greatest common divisor of 136 and 61282943.
17
What is the highest common factor of 2030 and 139258?
406
Calculate the greatest common divisor of 4681832 and 1406.
74
What is the greatest common divisor of 97318 and 8675628?
494
Calculate the greatest common divisor of 1960 and 143320.
40
Calculate the highest common factor of 135256 and 60929.
319
Calculate the highest common divisor of 630 and 2165004.
18
What is the highest common divisor of 465 and 5391861?
93
What is the greatest common divisor of 2826720 and 1360?
80
Calculate the greatest common factor of 41865481 and 8869.
1267
Calculate the highest common divisor of 65768924 and 2756.
52
What is the greatest common factor of 217 and 1552945?
31
Calculate the highest common factor of 311970704 and 144.
16
What is the highest common factor of 19452 and 3396?
12
What is the greatest common factor of 2360 and 1507509?
59
Calculate the greatest common divisor of 13855 and 108375.
85
What is the greatest common factor of 2624 and 12531076?
164
What is the greatest common divisor of 92513712 and 9744?
1392
Calculate the highest common divisor of 11 and 41331917.
11
What is the highest common divisor of 8 and 364835848?
8
Calculate the highest common divisor of 1102568 and 5731016.
3896
What is the highest common factor of 10756971 and 231129?
3789
What is the highest common factor of 9208818 and 12978?
1854
Calculate the highest common factor of 106778 and 8074626.
3682
What is the highest common divisor of 71498714 and 1778?
1778
What is the highest common factor of 229244 and 138?
2
What is the greatest common divisor of 2746 and 100440442?
2746
What is the highest common divisor of 25703328 and 2093?
161
What is the greatest common divisor of 374 and 92629634?
34
Calculate the highest common divisor of 81 and 20631456.
27
Calculate the highest common factor of 29 and 75326804.
29
What is the highest common factor of 739886 and 41217064?
18046
What is the highest common factor of 395800152 and 264?
264
What is the greatest common divisor of 34935691 and 301?
7
Calculate the highest common factor of 4160 and 13108940.
260
Calculate the greatest common factor of 3 and 224455.
1
Calculate the highest common factor of 362484470 and 95.
95
Calculate the highest common divisor of 204 and 1520476532.
68
Calculate the highest common factor of 868248 and 162.
18
Calculate the greatest common factor of 6573136 and 1072.
16
What is the highest common divisor of 28032 and 299154?
438
Calculate the highest common factor of 57025 and 12025.
25
Calculate the highest common factor of 7056 and 224000.
112
Calculate the highest common divisor of 173903 and 36882558.
7561
Calculate the highest common factor of 8398 and 148028962.
646
What is the greatest common factor of 54805736 and 344?
344
Calculate the highest common divisor of 10078126 and 1576.
394
Calculate the highest common factor of 1014 and 4047329.
13
What is the highest common factor of 59255 and 175?
35
What is the highest common factor of 1996 and 571934838?
998
Calculate the greatest common factor of 77 and 947842049.
77
Calculate the greatest common factor of 4598 and 105455548.
418
What is the greatest common factor of 30869852 and 1222?
26
Calculate the greatest common factor of 11200 and 1636241600.
11200
What is the highest common factor of 97 and 161222051?
97
Calculate the highest common divisor of 255072 and 90256.
16
Calculate the greatest common divisor of 12642 and 3706948.
98
What is the greatest common divisor of 14734 and 9337858?
106
Calculate the highest common divisor of 115221 and 2374479.
579
Calcul